{"id":428,"date":"2017-01-06T18:16:45","date_gmt":"2017-01-06T16:16:45","guid":{"rendered":"http:\/\/www.relanderinponitalli.fi\/?page_id=428"},"modified":"2024-12-09T18:29:19","modified_gmt":"2024-12-09T16:29:19","slug":"usva","status":"publish","type":"page","link":"http:\/\/www.relanderinponitalli.fi\/?page_id=428","title":{"rendered":"Usva"},"content":{"rendered":"<h2>RP-Usvaneito<\/h2>\n<p><img loading=\"lazy\" decoding=\"async\" class=\"alignright wp-image-1962\" src=\"http:\/\/www.relanderinponitalli.fi\/wp-content\/uploads\/E858B9B4-81A3-446A-9D59-7E90CEE74D6F-300x200.jpeg\" alt=\"\" width=\"500\" height=\"334\" srcset=\"http:\/\/www.relanderinponitalli.fi\/wp-content\/uploads\/E858B9B4-81A3-446A-9D59-7E90CEE74D6F-300x200.jpeg 300w, http:\/\/www.relanderinponitalli.fi\/wp-content\/uploads\/E858B9B4-81A3-446A-9D59-7E90CEE74D6F-768x513.jpeg 768w, http:\/\/www.relanderinponitalli.fi\/wp-content\/uploads\/E858B9B4-81A3-446A-9D59-7E90CEE74D6F-272x182.jpeg 272w, http:\/\/www.relanderinponitalli.fi\/wp-content\/uploads\/E858B9B4-81A3-446A-9D59-7E90CEE74D6F.jpeg 800w\" sizes=\"auto, (max-width: 500px) 100vw, 500px\" \/>Lempinimi: \u00a0Usva<br \/>Rotu: suomenhevonen<br \/>Sukupuoli: tamma<br \/>Syntym\u00e4vuosi: 2010<br \/>S\u00e4k\u00e4korkeus: n. 168 cm<br \/>Em\u00e4: \u00a0Eula<br \/>Is\u00e4: \u00a0Voiveikko<br \/>Koulu: Helppo B-A<br \/>Esteet: 80 cm<\/p>\n<p><span style=\"font-weight: 400;\">Tuuheat otsajouhet, ja niiden alta pilkist\u00e4v\u00e4t yst\u00e4v\u00e4lliset silm\u00e4t ja kaunis t\u00e4hti otsallaan ovat t\u00e4lle rehelliselle ja rehdille suomenhevostamma Usvalle olennaisimmat tunnusmerkit. Muuten perinteinen, rautias, komea suomenhevoselle ominainen vankkumaton rakenne pit\u00e4\u00e4 sis\u00e4ll\u00e4\u00e4n herk\u00e4n, mutta eritt\u00e4in kiltin luonteisen tamman, joka hurmaa jo pelk\u00e4ll\u00e4 olemuksellaan ratsastajan. Kaikki hoitotoimenpiteet sujuvat Usvan kanssa ongelmitta, ja Usva onkin karsinassa itse rauhallisuus. Usva sopii kaiken tasoisille ratsastajille ja on kokenut ratsastuskoulun keh\u00e4kettu. Laadukkaasti liikkuvana tuo t\u00e4m\u00e4n t\u00e4st\u00e4 ruusukkeita kisaradoilta.<\/span><\/p>\n<p><img loading=\"lazy\" decoding=\"async\" class=\"alignleft wp-image-1963\" src=\"http:\/\/www.relanderinponitalli.fi\/wp-content\/uploads\/C42DED46-650D-4CCC-A0ED-0CF23493639C-300x200.jpeg\" alt=\"\" width=\"449\" height=\"300\" srcset=\"http:\/\/www.relanderinponitalli.fi\/wp-content\/uploads\/C42DED46-650D-4CCC-A0ED-0CF23493639C-300x200.jpeg 300w, http:\/\/www.relanderinponitalli.fi\/wp-content\/uploads\/C42DED46-650D-4CCC-A0ED-0CF23493639C-768x513.jpeg 768w, http:\/\/www.relanderinponitalli.fi\/wp-content\/uploads\/C42DED46-650D-4CCC-A0ED-0CF23493639C-272x182.jpeg 272w, http:\/\/www.relanderinponitalli.fi\/wp-content\/uploads\/C42DED46-650D-4CCC-A0ED-0CF23493639C.jpeg 800w\" sizes=\"auto, (max-width: 449px) 100vw, 449px\" \/><img loading=\"lazy\" decoding=\"async\" class=\"alignleft wp-image-1966\" src=\"http:\/\/www.relanderinponitalli.fi\/wp-content\/uploads\/3F863087-642F-4D71-8494-EF329753B8BA-300x207.jpeg\" alt=\"\" width=\"434\" height=\"300\" srcset=\"http:\/\/www.relanderinponitalli.fi\/wp-content\/uploads\/3F863087-642F-4D71-8494-EF329753B8BA-300x207.jpeg 300w, http:\/\/www.relanderinponitalli.fi\/wp-content\/uploads\/3F863087-642F-4D71-8494-EF329753B8BA-768x531.jpeg 768w, http:\/\/www.relanderinponitalli.fi\/wp-content\/uploads\/3F863087-642F-4D71-8494-EF329753B8BA.jpeg 800w\" sizes=\"auto, (max-width: 434px) 100vw, 434px\" \/><br \/><img loading=\"lazy\" decoding=\"async\" class=\"alignleft wp-image-2592\" src=\"http:\/\/www.relanderinponitalli.fi\/wp-content\/uploads\/USVA_2024_1.jpg\" alt=\"\" width=\"337\" height=\"500\" srcset=\"http:\/\/www.relanderinponitalli.fi\/wp-content\/uploads\/USVA_2024_1.jpg 626w, http:\/\/www.relanderinponitalli.fi\/wp-content\/uploads\/USVA_2024_1-202x300.jpg 202w\" sizes=\"auto, (max-width: 337px) 100vw, 337px\" \/><\/p>\n\n\n<h2>\u00a0<\/h2>\n","protected":false},"excerpt":{"rendered":"<p>RP-Usvaneito Lempinimi: \u00a0UsvaRotu: suomenhevonenSukupuoli: tammaSyntym\u00e4vuosi: 2010S\u00e4k\u00e4korkeus: n. 168 cmEm\u00e4: \u00a0EulaIs\u00e4: \u00a0VoiveikkoKoulu: Helppo B-AEsteet: 80 cm Tuuheat otsajouhet, ja niiden alta pilkist\u00e4v\u00e4t yst\u00e4v\u00e4lliset silm\u00e4t ja kaunis t\u00e4hti otsallaan ovat t\u00e4lle rehelliselle ja rehdille suomenhevostamma Usvalle olennaisimmat tunnusmerkit. Muuten perinteinen, rautias, komea suomenhevoselle ominainen vankkumaton rakenne pit\u00e4\u00e4 sis\u00e4ll\u00e4\u00e4n herk\u00e4n, mutta eritt\u00e4in kiltin luonteisen tamman, joka hurmaa jo <a class=\"read-more\" href=\"http:\/\/www.relanderinponitalli.fi\/?page_id=428\">Lue lis\u00e4\u00e4<\/a><\/p>\n","protected":false},"author":1,"featured_media":0,"parent":299,"menu_order":24,"comment_status":"closed","ping_status":"closed","template":"","meta":{"footnotes":""},"class_list":["post-428","page","type-page","status-publish","hentry"],"_links":{"self":[{"href":"http:\/\/www.relanderinponitalli.fi\/index.php?rest_route=\/wp\/v2\/pages\/428","targetHints":{"allow":["GET"]}}],"collection":[{"href":"http:\/\/www.relanderinponitalli.fi\/index.php?rest_route=\/wp\/v2\/pages"}],"about":[{"href":"http:\/\/www.relanderinponitalli.fi\/index.php?rest_route=\/wp\/v2\/types\/page"}],"author":[{"embeddable":true,"href":"http:\/\/www.relanderinponitalli.fi\/index.php?rest_route=\/wp\/v2\/users\/1"}],"replies":[{"embeddable":true,"href":"http:\/\/www.relanderinponitalli.fi\/index.php?rest_route=%2Fwp%2Fv2%2Fcomments&post=428"}],"version-history":[{"count":13,"href":"http:\/\/www.relanderinponitalli.fi\/index.php?rest_route=\/wp\/v2\/pages\/428\/revisions"}],"predecessor-version":[{"id":2630,"href":"http:\/\/www.relanderinponitalli.fi\/index.php?rest_route=\/wp\/v2\/pages\/428\/revisions\/2630"}],"up":[{"embeddable":true,"href":"http:\/\/www.relanderinponitalli.fi\/index.php?rest_route=\/wp\/v2\/pages\/299"}],"wp:attachment":[{"href":"http:\/\/www.relanderinponitalli.fi\/index.php?rest_route=%2Fwp%2Fv2%2Fmedia&parent=428"}],"curies":[{"name":"wp","href":"https:\/\/api.w.org\/{rel}","templated":true}]}}