{"id":206,"date":"2016-12-11T07:44:02","date_gmt":"2016-12-11T05:44:02","guid":{"rendered":"http:\/\/www.relanderinponitalli.fi\/?page_id=206"},"modified":"2026-04-19T12:32:45","modified_gmt":"2026-04-19T09:32:45","slug":"leirit","status":"publish","type":"page","link":"https:\/\/www.relanderinponitalli.fi\/?page_id=206","title":{"rendered":"Kes\u00e4 2026 &#8211; Leirit ja kurssit"},"content":{"rendered":"<div id=\"pl-206\"  class=\"panel-layout\" ><div id=\"pg-206-0\"  class=\"panel-grid panel-no-style\" ><div id=\"pgc-206-0-0\"  class=\"panel-grid-cell\" ><div id=\"panel-206-0-0-0\" class=\"so-panel widget widget_sow-editor panel-first-child panel-last-child\" data-index=\"0\" ><div\n\t\t\t\n\t\t\tclass=\"so-widget-sow-editor so-widget-sow-editor-base\"\n\t\t\t\n\t\t>\n<div class=\"siteorigin-widget-tinymce textwidget\">\n\t<p><img loading=\"lazy\" decoding=\"async\" class=\"alignleft size-medium wp-image-164\" src=\"http:\/\/www.relanderinponitalli.fi\/wp-content\/uploads\/Dextermaasto-218x300.jpg\" alt=\"\" width=\"218\" height=\"300\" srcset=\"https:\/\/www.relanderinponitalli.fi\/wp-content\/uploads\/Dextermaasto-218x300.jpg 218w, https:\/\/www.relanderinponitalli.fi\/wp-content\/uploads\/Dextermaasto.jpg 350w\" sizes=\"auto, (max-width: 218px) 100vw, 218px\" \/><\/p>\n<p>Tallillamme on j\u00e4rjestetty jo yli 30 vuoden ajan tehokkaita ja laadukkaita ratsastusleirej\u00e4 l\u00e4hinn\u00e4 kes\u00e4isin. Lis\u00e4ksi kes\u00e4isin ja muiden lomien aikana pid\u00e4mme erilaisia kursseja ja p\u00e4iv\u00e4leirej\u00e4. Saimaan monipuoliset maisemat luovat upeat puitteet kokemukselle ja yli 20 erirotuista ja -kokoista ponia ja hevosta takaavat sen, ett\u00e4 jokaiselle ratsastajalle l\u00f6ytyy sopivan kokoinen ja tasoinen ratsu. Leireill\u00e4mme todellakin opit sek\u00e4 ratsastus- ett\u00e4 teoriatunneilla, mutta silti leireily ei ole totista puurtamista, vaan rentoon ohjelmaan kuuluu my\u00f6s uintia l\u00e4heisell\u00e4 uimarannalla, vapaaehtoinen leirikaste, grilli-ilta grillikatoksessa, ponileikkej\u00e4 ja saunomista rantasaunalla.<span class=\"s4\">\u00a0Kyl\u00e4n uimarannallekin vain 5 minuutin k\u00e4velymatka.<\/span><\/p>\n<p>Y\u00f6leirimme ovat 3-4 vrk:n mittaisia ja ne sis\u00e4lt\u00e4v\u00e4t mm.<\/p>\n<ul>\n<li>majoituksen siisteiss\u00e4 leirik\u00e4mpiss\u00e4mme<\/li>\n<li>kaksi maukasta ja monipuolista ateriaa p\u00e4iv\u00e4ss\u00e4 sek\u00e4 aamu- ja iltapalat<\/li>\n<li>kaksi tuntia ratsastusta p\u00e4ivitt\u00e4in (koulua, esteit\u00e4 ja maastoa) leiril\u00e4isten tason ja toiveiden mukaan<\/li>\n<li>hevosmiestaitojen harjoittelemista teoriassa ja k\u00e4yt\u00e4nn\u00f6ss\u00e4, monipuoliset ja opettavaiset leiritunnit<\/li>\n<li>ikioman leirihoitsun<\/li>\n<li>k\u00e4rryill\u00e4 ajoa, ponileikkej\u00e4, tuntien videointia<\/li>\n<li>tapaturmavakuutuksen<\/li>\n<li>mahdollisuuden suorittaa SRL:n ratsastus- ja hoitomerkkej\u00e4<\/li>\n<li>Iltaohjelmassa ainakin leikkej\u00e4, leirikaste, lettuja grillikatoksella, l\u00e4heisell\u00e4 uimarannalla pulikointia.<\/li>\n<li>Viimeisen\u00e4 iltana iltaratsastus.<\/li>\n<\/ul>\n<p>Kaikille leireille <strong>voit osallistua my\u00f6s omalla hevosella<\/strong>; hinta sama sis. karsinapaikan ja perusrehut. Jos haluat ratsastaa osan tunneista tallin hevosella, niist\u00e4 tunneista veloitamme 20 euroa\/kpl.\u00a0Halutessasi voit osallistua my\u00f6s <strong>kurssimuotoisesti<\/strong>, jolloin majoitus ja aamupala j\u00e4\u00e4v\u00e4t pois. Hinnasta v\u00e4hennet\u00e4\u00e4n 30 euroa.<\/p>\n<h3>Leirille saapuminen<\/h3>\n<p>Y\u00f6leireille voit saapua edellisen\u00e4 iltana klo 18-20 v\u00e4lill\u00e4. Tuolla v\u00e4lill\u00e4 haemme my\u00f6s junalta tai linja-autolta Mikkelist\u00e4<span style=\"font-size: 13px; -webkit-text-size-adjust: 100%;\">.<\/span><\/p>\n<h3>Lis\u00e4tiedot ja ilmoittautuminen<\/h3>\n<p>Lis\u00e4tietoja kursseista ja leireist\u00e4 saat parhaiten Kirsi Relanderilta, p. 050-557 6209.<\/p>\n<p><strong>P\u00c4IV\u00c4LEIRIEN JA KURSSIEN ilmoittautumiset <\/strong>tehd\u00e4\u00e4n ensisijaisesti <strong>Ratsukkoon<\/strong> ostamalla Kes\u00e4 2026 varausmaksu, tarkista oikea summa! L\u00e4hemp\u00e4n\u00e4 leiri\u00e4 Ratsukkoon tulee loppumaksu \u201dtuote\u201d ostettavaksi, Sen er\u00e4p\u00e4iv\u00e4 on kuukautta ennen leirin\/kurssin alkua. Mik\u00e4li sinulla ei ole Ratsukko-tunnuksia, etk\u00e4 niit\u00e4 muuhun tarvitse, voit ilmoittautua my\u00f6s s\u00e4hk\u00f6postitse. Peruutuksen sattuessa varausmaksu j\u00e4\u00e4 aina tallille. Tarkista muut mahdolliseen peruutukseen tulevat ohjeet alempaa t\u00e4lt\u00e4 sivulta.<\/p>\n<p><strong>Y\u00d6LEIRIEN ilmoittautuminen<\/strong> (paitsi leiri 4) tehd\u00e4\u00e4n <strong>s\u00e4hk\u00f6postitse<\/strong> osoitteeseen kirsi.relander [at] relanderinponitalli.fi HUOMIO! <span style=\"font-weight: 400;\">Alaik\u00e4isen ilmoittautumiset huoltajan toimesta huoltajan s\u00e4hk\u00f6postiosoitteesta<\/span><\/p>\n<p>Kerro ilmoittautumiss\u00e4hk\u00f6postissa:<\/p>\n<ul>\n<li>leiri, jolle osallistutaan<\/li>\n<li>osallistujan nimi, paino, pituus ja ik\u00e4<\/li>\n<li>osoite<\/li>\n<li>puhelinnumero<\/li>\n<li>alle 18-vuotiailta huoltaja + huoltajan yhteystiedot, jos eri kuin yll\u00e4<\/li>\n<li>ratsastuskokemus<\/li>\n<\/ul>\n<p>Saatuamme ilmoittautumisen <strong>kuittaamme<\/strong> sen viimeist\u00e4\u00e4n <strong>viikon sis\u00e4ll\u00e4<\/strong> saaduksi. <strong>Laskut<\/strong> tulevat s\u00e4hk\u00f6postiin. Varausmaksu on suluissa oleva summa. Se v\u00e4hennet\u00e4\u00e4n kokonaishinnasta, laskut tulevat s\u00e4hk\u00f6postiin. Varausmaksua emme palauta peruutuksen sattuessa. Loppumaksu tulee maksuun kuukausi ennen leirin alkua. Muut peruutusohjeet voit lukea alempaa t\u00e4lt\u00e4 sivulta.<\/p>\n<h3>Leirikysely ja -kirjeet<\/h3>\n<p>Ilmoittautumisen j\u00e4lkeen voit k\u00e4yd\u00e4 t\u00e4ytt\u00e4m\u00e4ss\u00e4 oheisen <a href=\"http:\/\/www.relanderinponitalli.fi\/?page_id=488\"><strong>leirikyselyn<\/strong><\/a>. Leirikyselyll\u00e4 on mahdollista esitt\u00e4\u00e4 toivomuksia leirin sis\u00e4lt\u00f6ihin.<\/p>\n<p><strong>Leirikirjeet<\/strong> julkaistaan t\u00e4n\u00e4kin vuonna kotisivuillamme kev\u00e4\u00e4n aikana. Eli emme l\u00e4het\u00e4 en\u00e4\u00e4 erillist\u00e4 leirikirjett\u00e4 s\u00e4hk\u00f6postiin vaan tarvittavat tiedot l\u00f6ytyv\u00e4t kev\u00e4\u00e4n aikana kotisivuiltamme.<\/p>\n<h3>Leirien ja kes\u00e4kurssien peruutusehdot<\/h3>\n<ul>\n<li>varausmaksua ei palauteta<\/li>\n<li>loppumaksun er\u00e4p\u00e4iv\u00e4 on kuukausi ennen leirin alkua<\/li>\n<li>jos perut leirin alle kuukausi ennen leirin\/kurssin alkua, pid\u00e4t\u00e4mme leirin hinnasta 50 % j\u00e4rjestely- ja k\u00e4sittelymaksuja<\/li>\n<li>alle 7 p\u00e4iv\u00e4\u00e4 ennen leirin tai kurssin alkua, perimme koko leirin maksun, paitsi jos Sinulla on esitt\u00e4\u00e4 l\u00e4\u00e4k\u00e4rintodistus, silloin palautamme loppumaksusta 50 %<\/li>\n<li>leirin tai kurssin keskeytymisest\u00e4 emme palauta rahoja<\/li>\n<\/ul>\n<p><strong>TERVETULOA NAUTTIMAAN KES\u00c4ST\u00c4 JA OPPIMAAN!<\/strong><\/p>\n<p><em>Kirsi Relander<br \/>\n<\/em>Relanderin ponitalli<\/p>\n<hr \/>\n<p><em>Relanderin Ponitalli pid\u00e4tt\u00e4\u00e4 oikeuden kaikkiin muutoksiin kuten esim. leirin teeman vaihtamiseen mik\u00e4li ilmottautuneita ei tule riitt\u00e4v\u00e4sti.<\/em><\/p>\n<\/div>\n<\/div><\/div><\/div><div id=\"pgc-206-0-1\"  class=\"panel-grid-cell\" ><div id=\"panel-206-0-1-0\" class=\"so-panel widget widget_sow-editor panel-first-child\" data-index=\"1\" ><div class=\"panel-widget-style panel-widget-style-for-206-0-1-0\" ><div\n\t\t\t\n\t\t\tclass=\"so-widget-sow-editor so-widget-sow-editor-base\"\n\t\t\t\n\t\t>\n<div class=\"siteorigin-widget-tinymce textwidget\">\n\t<h3><span class=\"s2\">Leiri- ja kurssikes\u00e4 2026<\/span><\/h3>\n<p><strong><span class=\"s3\">P\u00c4IV\u00c4LEIREJ\u00c4 <\/span><span class=\"s3\">JA \u00a0ERILAISIA<\/span><\/strong><span class=\"s3\"><strong> \u00a0KURSSEJA<\/strong>, <\/span><span class=\"s4\">jotka eiv\u00e4t sis\u00e4ll\u00e4 majoitusta.<\/span><\/p>\n<p><strong style=\"font-size: 13px;\">1\u232a\u00a08.-12.6. P\u00e4iv\u00e4leiri I<\/strong><span style=\"font-size: 13px;\">:<br \/>\n5 p\u00e4iv\u00e4\u00e4 ratsastusta ja heppatouhuja 2-5 vuotta ratsastaneille. T\u00e4lle leirille tulijalta toivotaan jo taitoa \u00a0itsen\u00e4isesti suitsia ja satuloida ratsut. \u00a0Toki on hankalassa hetkess\u00e4 apuakin tarjolla. <\/span>Ratsastustunneille tehd\u00e4\u00e4n kaksi tasoryhm\u00e4\u00e4. P\u00e4ivitt\u00e4in klo 9-17. Sis\u00e4lt\u00e4\u00e4 yhteens\u00e4 kahdeksan tuntia ratsastusta (leikkej\u00e4, maastoa, puomi-estetunteja, kouluratsastusta jne.), lis\u00e4ksi oma hoitoponi, teoriaa, hevostaitoja,\u00a0 k\u00e4rryill\u00e4 ajoa, p\u00e4ivitt\u00e4in herkullinen lounas j\u00e4lkiruokineen ja uusia kavereita. Lopussa pidet\u00e4\u00e4n leirikisa rennolla asenteella, joissa kenenk\u00e4\u00e4n ei tarvitse j\u00e4nnitt\u00e4\u00e4. Kaikki saavat oikean ruusukkeen muistoksi. Mahdollisuus suorittaa hoito- ja ratsastusmerkkej\u00e4. T\u00e4m\u00e4 sopii erityisen hyvin Sinulle, joka haaveilet omasta hoitoponista tai joku p\u00e4iv\u00e4 jopa omasta ponista\/hevosesta! Paljon aikaa tallilla, paljon oppia! \ud83d\ude0a Hinta 440 \u20ac (varaus 120\u00a0 \u20ac).<\/p>\n<p><strong style=\"font-size: 13px;\">2\u232a 15.-18.6. P\u00e4iv\u00e4leiri II<br \/>\n<\/strong><span style=\"font-size: 13px;\">4 p\u00e4iv\u00e4\u00e4 heppatouhuja v\u00e4hint\u00e4\u00e4n 8- vuotiaille. Taso paljon talutusratsastuksessa k\u00e4yneist\u00e4 noin 2 vuotta ratsastaneille. P\u00e4ivitt\u00e4in klo 9-14, sis\u00e4lt\u00e4\u00e4 joka p\u00e4iv\u00e4 yhden ratsastustunnin. Lis\u00e4ksi ponien hoitoa ja paljon erilaisia hevostaitoja k\u00e4yt\u00e4nn\u00f6ss\u00e4 ja teoriassa, keppareita ja kavereita, k\u00e4rryill\u00e4 ajoa jne. Ev\u00e4stauko omin ev\u00e4in. Hinta 290 \u20ac (varaus 80 \u20ac).<\/span><\/p>\n<p><strong style=\"font-size: 13px;\">3\u232a16.-18.6. Centered riding kouluratsastuskurssi nuorille ja aikuisille\u00a0<\/strong><span style=\"font-size: 13px;\"><br \/>\n<\/span>Opettajana Jussi Ahtiainen. Jussi on kokenut ratsastuksenohjaaja ja centered riding III-tason ohjaaja. Tiistaista torstaihin. T\u00e4ss\u00e4 keskityt\u00e4\u00e4n ratsastuksen t\u00e4rkeimp\u00e4\u00e4n osaan eli omaan istuntaan ja kehonhallintaan unohtamatta ratsastajan mielen osuutta.\u00a0 Jussi on my\u00f6s on my\u00f6s Mind Riders Coach ja NLP Master practitioner.<\/p>\n<p>T\u00e4m\u00e4n vuoden teema on: \u201dHevonen on ratsastajansa peili\u201d.\u00a0Yksi Centered Riding metodin johtoajatuksista on: mit\u00e4 haluat hevosesi tekev\u00e4n, sama asia on tapahduttava ensin omassa kehossasi. Kurssilla perehdyt\u00e4\u00e4n ihmisen ja hevosen anatomian yhtenev\u00e4isyyksiin, hevosen toivottuun tapaan liikkua ja kantaa ratsastajaa, sek\u00e4 siihen kuinka ratsastaja omalla kehollaan voi auttaa hevosta liikkumaan paremmin. Teoriatunnit sis\u00e4lt\u00e4v\u00e4t aihetta tukevia ilman hevosta teht\u00e4vi\u00e4 kehotietoisuusharjoituksia ja tutustumista ihmisen ja hevosen anatomiaan. Ratsastustunneilla keskityt\u00e4\u00e4n tuntemaan omaa kehoa ja sen vaikutusta hevoseen.<\/p>\n<ol>\n<li>Ryhm\u00e4 ratsastus klo 16-17.15 (75 min)<\/li>\n<li>Ryhm\u00e4 ratsastus noin klo 19.30-20.45 (75 min)<\/li>\n<\/ol>\n<p>Ryhmien v\u00e4liss\u00e4 yhteinen osuus teoriaa\/istuntaharjoituksia Hinta 240 \u20ac (varaus 80 \u20ac), max. 7 hl\u00f6n ryhm\u00e4t. T\u00e4m\u00e4 on\u00a0 kurssimuotoinen, mutta t\u00e4ysi-ik\u00e4isill\u00e4 on mahdollisuus my\u00f6s y\u00f6pymiseen leirik\u00e4mpiss\u00e4. Kysy lis\u00e4\u00e4!<\/p>\n<p><strong>4<\/strong><strong style=\"font-size: 13px;\">\u232a20<\/strong>.-<strong>22.7. Poneihin ja ratsastukseen tutustumiskurssi<br \/>\n<\/strong>klo 10-14. V\u00e4hint\u00e4\u00e4n 7-vuotiaille lapsille, kell\u00e4 ei ole kokemusta poneista ja ratsastuksesta tai kokemus on v\u00e4h\u00e4ist\u00e4. Joka p\u00e4iv\u00e4 ratsastusta taluttajan avustamana, ponien hoitoa, k\u00e4ryill\u00e4 ajoa, keppareita, kavereita, ev\u00e4stauko omin ev\u00e4in. Hinta 180 \u20ac ( varaus 80 \u20ac). T\u00e4m\u00e4 sopii hienosti Sinulle, jolla ei ole mahdollisuutta s\u00e4\u00e4nn\u00f6lliseen harrastukseen. T\u00e4nne voi tulla monena kes\u00e4n\u00e4 per\u00e4kk\u00e4in! \ud83d\ude0a<\/p>\n<p><strong>HUOM! P\u00e4iv\u00e4leirien ja kurssien ilmoittautuminen ensisijaisesti Ratsukkoon, tarkista ohjeet t\u00e4lt\u00e4 sivulta!<\/strong><\/p>\n<p><strong><span class=\"s3\">Y\u00d6LEIREJ\u00c4<\/span><\/strong><\/p>\n<p><strong style=\"font-size: 13px;\">1\u232a23.-26.6. Yleisleiri <\/strong><strong>-- T\u00c4YNN\u00c4!<\/strong><strong style=\"font-size: 13px;\"><br \/>\n<\/strong><span style=\"font-size: 13px;\">Ti-pe, 4 vuorokautta<\/span><strong style=\"font-size: 13px;\">.<\/strong><span style=\"font-size: 13px;\"> V\u00e4hint\u00e4\u00e4n kaksi vuotta ratsastaneille ja v\u00e4hint\u00e4\u00e4n 11-vuotiaille lapsille ja nuorille. <strong>Opettajana <\/strong><\/span><strong style=\"font-size: 13px;\">ratsastuksen opettaja Virve Haajanen.<\/strong><span style=\"font-size: 13px;\"> \u00a0Perusratsastustaitojen vahvistamista, mutta my\u00f6s esteratsastusta ja maastotunti. Leirille saavutaan maanantai-iltana ja se p\u00e4\u00e4ttyy perjantaina klo 16. Hinta 499 \u20ac (varaus 150 \u20ac)<\/span><\/p>\n<p><strong style=\"font-size: 13px;\">2\u232a30.6.-3.7. Estepainotteinen\/yleisleiri leiri -- 1 paikka!<br \/>\n<\/strong><span style=\"font-size: 13px;\">Ti-pe, 4 vuorokautta nuorille, jotka hallitsevat jo ratsunsa melko hyvin (ratsastuskokemusta jo v\u00e4hint\u00e4\u00e4n 5 vuotta tai enemm\u00e4n) ja esteratsastus sujuu jo v\u00e4hint\u00e4\u00e4n 50 cm esteill\u00e4. V\u00e4hint\u00e4\u00e4n 12-vuotiaille. Toinen ryhm\u00e4 voi noudattaa yleisleirin ohjelmaa, jolloin estekokemus voi olla v\u00e4h\u00e4isemp\u00e4\u00e4. <\/span>Monipuolista oppia ja tekemist\u00e4 kokeneen <strong>opettajan<\/strong> <strong>Virve Haajasen <\/strong>johdolla. Leirille saavutaan maanantai-iltana ja leiri p\u00e4\u00e4ttyy pe klo 16 . S\u00e4\u00e4n salliessa t\u00e4ll\u00e4 leirill\u00e4 voidaan k\u00e4yd\u00e4 my\u00f6s maastoradalla kokeilemassa pieni\u00e4 maastoesteit\u00e4, kenell\u00e4 taitoa ja uskallusta siihen riitt\u00e4\u00e4. Hinta \u00a0499 \u20ac (varaus150 \u20ac).<\/p>\n<p><strong>3\u232a23.-25.7. Aikuisten oma leiri<\/strong><br \/>\nTo-la<strong>. Opettajana <\/strong>kokenut ratsastuksenopettaja ja valmentaja <strong>Salla Pelc. <\/strong>Joka p\u00e4iv\u00e4 2 tuntia ratsastusta, lis\u00e4ksi teoriaa, keskusteluja ja hevostaitoja. Toinen ryhm\u00e4 kouluratsastusta, toinen ryhm\u00e4 voi ottaa my\u00f6s estetunteja mukaan. Opetus max. 6 hl\u00f6n ryhm\u00e4ss\u00e4. Hinta 460 \u20ac (varaus 150 \u20ac), sis\u00e4lt\u00e4\u00e4 majoituksen, aamu- ja iltapalan sek\u00e4 kaksi l\u00e4mmint\u00e4 ruokaa\/p\u00e4iv\u00e4. Tai voit tulla kurssimuotoisesti hintaan 430 \u20ac sis\u00e4lt\u00e4en kaksi l\u00e4mmint\u00e4 ruokaa p\u00e4iv\u00e4ss\u00e4, mutta ei majoitusta eik\u00e4 aamu- ja iltapaloja. Aikuisten kanssa suunnataan perjantai-iltana rantasaunalle saunomaan ja Saimaaseen uimaan.<\/p>\n<p><strong>4<\/strong><strong style=\"font-size: 13px;\">\u232a<\/strong><strong>27.-29.7. Tavoitteellisesti ratsastavien nuorten ja aikuisten leiri<\/strong><br \/>\nMa-ke<strong>. <\/strong>Kolme p\u00e4iv\u00e4\u00e4 tehokasta oppimista niin koulu- kuin esteratsastuksessakin. Lis\u00e4ksi teoriaa joka p\u00e4iv\u00e4. Leiri sis\u00e4lt\u00e4\u00e4 aamupalat ti ja ke, iltapalat ma ja ti, lounaan ja p\u00e4iv\u00e4llisen kaikkina kolmena p\u00e4iv\u00e4n\u00e4. Valmentaja-ratamestari <strong>Tiina Viljanen<\/strong> opettaa. Hinta 420 \u00a0\u20ac sis\u00e4lt\u00e4\u00e4 majoituksen ke-pe. Jos et halua majoittua tallilla, hinta 400 \u20ac, sis\u00e4lt\u00e4\u00e4 muuten kaiken, mutta ei majoitusta ja aamupaloja. <strong>Ilmoittautuminen<\/strong> ensisijaisesti <strong>Ratsukkoon<\/strong> t\u00e4lle leirille. Varausmaksu 100 \u20ac. Voit osallistua my\u00f6s omalla tai vuokrahepalla. T\u00e4ll\u00f6in hinta sama, sis\u00e4lt\u00e4\u00e4 karsinapaikan ja hein\u00e4t hevoselle.<\/p>\n<p><strong>5) 20.-22.7. Yleisleiri -- UUSI LEIRI!<\/strong><br \/>\nKolmen p\u00e4iv\u00e4n leiri v\u00e4hint\u00e4\u00e4n 10-vuotialle noin perusmerkkitasoisesta alkaen. Kaksi tasoryhm\u00e4\u00e4. Voit saapua jo sunnuntai-iltana klo 18 j\u00e4lkeen. Sis\u00e4lt\u00e4\u00e4 6 ratsastustuntia, teoriaa, hevostaitoja,\u00a0 k\u00e4rryill\u00e4 ajoa, iltaohjelmaa, Saimaassa pulikointia, aamu- ja iltapala (ei sunnuntaina) lounas ja p\u00e4iv\u00e4llinen ja toki majoitus.<br \/>\nHinta 380 euroa (100 euron varasmaksu).<\/p>\n<\/div>\n<\/div><\/div><\/div><div id=\"panel-206-0-1-1\" class=\"so-panel widget widget_simpleimage panel-last-child\" data-index=\"2\" >\n\n\t<p class=\"simple-image\">\n\t\t<img loading=\"lazy\" decoding=\"async\" width=\"800\" height=\"534\" src=\"https:\/\/www.relanderinponitalli.fi\/wp-content\/uploads\/A42B52E5-1950-4D12-B856-7F7A2939E402.jpeg\" class=\"attachment-full size-full\" alt=\"\" srcset=\"https:\/\/www.relanderinponitalli.fi\/wp-content\/uploads\/A42B52E5-1950-4D12-B856-7F7A2939E402.jpeg 800w, https:\/\/www.relanderinponitalli.fi\/wp-content\/uploads\/A42B52E5-1950-4D12-B856-7F7A2939E402-300x200.jpeg 300w, https:\/\/www.relanderinponitalli.fi\/wp-content\/uploads\/A42B52E5-1950-4D12-B856-7F7A2939E402-768x513.jpeg 768w, https:\/\/www.relanderinponitalli.fi\/wp-content\/uploads\/A42B52E5-1950-4D12-B856-7F7A2939E402-272x182.jpeg 272w\" sizes=\"auto, (max-width: 800px) 100vw, 800px\" \/>\t<\/p>\n\n\n<\/div><\/div><\/div><\/div>","protected":false},"excerpt":{"rendered":"<p>Tallillamme on j\u00e4rjestetty jo yli 30 vuoden ajan tehokkaita ja laadukkaita ratsastusleirej\u00e4 l\u00e4hinn\u00e4 kes\u00e4isin. Lis\u00e4ksi kes\u00e4isin ja muiden lomien aikana pid\u00e4mme erilaisia kursseja ja p\u00e4iv\u00e4leirej\u00e4. Saimaan monipuoliset maisemat luovat upeat puitteet kokemukselle ja yli 20 erirotuista ja -kokoista ponia ja hevosta takaavat sen, ett\u00e4 jokaiselle ratsastajalle l\u00f6ytyy sopivan kokoinen ja tasoinen ratsu. Leireill\u00e4mme todellakin opit <a class=\"read-more\" href=\"https:\/\/www.relanderinponitalli.fi\/?page_id=206\">Lue lis\u00e4\u00e4<\/a><\/p>\n","protected":false},"author":1,"featured_media":152,"parent":188,"menu_order":3,"comment_status":"closed","ping_status":"closed","template":"","meta":{"footnotes":""},"class_list":["post-206","page","type-page","status-publish","has-post-thumbnail","hentry"],"_links":{"self":[{"href":"https:\/\/www.relanderinponitalli.fi\/index.php?rest_route=\/wp\/v2\/pages\/206","targetHints":{"allow":["GET"]}}],"collection":[{"href":"https:\/\/www.relanderinponitalli.fi\/index.php?rest_route=\/wp\/v2\/pages"}],"about":[{"href":"https:\/\/www.relanderinponitalli.fi\/index.php?rest_route=\/wp\/v2\/types\/page"}],"author":[{"embeddable":true,"href":"https:\/\/www.relanderinponitalli.fi\/index.php?rest_route=\/wp\/v2\/users\/1"}],"replies":[{"embeddable":true,"href":"https:\/\/www.relanderinponitalli.fi\/index.php?rest_route=%2Fwp%2Fv2%2Fcomments&post=206"}],"version-history":[{"count":104,"href":"https:\/\/www.relanderinponitalli.fi\/index.php?rest_route=\/wp\/v2\/pages\/206\/revisions"}],"predecessor-version":[{"id":2899,"href":"https:\/\/www.relanderinponitalli.fi\/index.php?rest_route=\/wp\/v2\/pages\/206\/revisions\/2899"}],"up":[{"embeddable":true,"href":"https:\/\/www.relanderinponitalli.fi\/index.php?rest_route=\/wp\/v2\/pages\/188"}],"wp:featuredmedia":[{"embeddable":true,"href":"https:\/\/www.relanderinponitalli.fi\/index.php?rest_route=\/wp\/v2\/media\/152"}],"wp:attachment":[{"href":"https:\/\/www.relanderinponitalli.fi\/index.php?rest_route=%2Fwp%2Fv2%2Fmedia&parent=206"}],"curies":[{"name":"wp","href":"https:\/\/api.w.org\/{rel}","templated":true}]}}