{"id":2440,"date":"2024-02-18T09:35:55","date_gmt":"2024-02-18T07:35:55","guid":{"rendered":"http:\/\/www.relanderinponitalli.fi\/?page_id=2440"},"modified":"2024-02-18T09:38:21","modified_gmt":"2024-02-18T07:38:21","slug":"ponisynttarit","status":"publish","type":"page","link":"https:\/\/www.relanderinponitalli.fi\/?page_id=2440","title":{"rendered":"Ponisyntt\u00e4rit"},"content":{"rendered":"<p>Erilaiset syntt\u00e4rit poniyst\u00e4ville!<img loading=\"lazy\" decoding=\"async\" class=\"alignright\" src=\"http:\/\/www.relanderinponitalli.fi\/wp-content\/uploads\/IMG_0493-218x300.jpeg\" alt=\"\" width=\"350\" height=\"482\" \/><\/p>\n<p>Ponisyntt\u00e4rit sis\u00e4lt\u00e4\u00e4 tallin tiloihin tutustumista, ponin harjausta, jokaiselle osallistujalle talutusratsastuskierroksen ja teht\u00e4v\u00e4radan keppihevosilla.<\/p>\n<div>Hinta 20 euroa\/osallistuja, mahdollisuus k\u00e4ytt\u00e4\u00e4 my\u00f6s maneesin kahviotilaa tarjoilun j\u00e4rjest\u00e4miseen omin tarjoiluin ja astioin. Minimiveloitus 100 euroa (sis. alv. 24 %). Kokonaisaika kahviotilan k\u00e4yt\u00f6n kera noin kaksi tuntia.<\/div>\n<div><\/div>\n<div class=\"s5\"><span class=\"s2\">Kokeneemmille ratsastajille\/aikuisille voidaan r\u00e4\u00e4t\u00e4l\u00f6id\u00e4 oma ohjelma!<\/span><\/div>\n<div><\/div>\n<div>Kysy lis\u00e4\u00e4 &#8211; <a href=\"http:\/\/www.relanderinponitalli.fi\/?page_id=247\">yhteystiedot<\/a>.<\/div>\n<div><\/div>\n","protected":false},"excerpt":{"rendered":"<p>Erilaiset syntt\u00e4rit poniyst\u00e4ville! Ponisyntt\u00e4rit sis\u00e4lt\u00e4\u00e4 tallin tiloihin tutustumista, ponin harjausta, jokaiselle osallistujalle talutusratsastuskierroksen ja teht\u00e4v\u00e4radan keppihevosilla. Hinta 20 euroa\/osallistuja, mahdollisuus k\u00e4ytt\u00e4\u00e4 my\u00f6s maneesin kahviotilaa tarjoilun j\u00e4rjest\u00e4miseen omin tarjoiluin ja astioin. Minimiveloitus 100 euroa (sis. alv. 24 %). Kokonaisaika kahviotilan k\u00e4yt\u00f6n kera noin kaksi tuntia. Kokeneemmille ratsastajille\/aikuisille voidaan r\u00e4\u00e4t\u00e4l\u00f6id\u00e4 oma ohjelma! Kysy lis\u00e4\u00e4 &#8211; yhteystiedot.<\/p>\n","protected":false},"author":1,"featured_media":0,"parent":188,"menu_order":20,"comment_status":"closed","ping_status":"closed","template":"","meta":{"footnotes":""},"class_list":["post-2440","page","type-page","status-publish","hentry"],"_links":{"self":[{"href":"https:\/\/www.relanderinponitalli.fi\/index.php?rest_route=\/wp\/v2\/pages\/2440","targetHints":{"allow":["GET"]}}],"collection":[{"href":"https:\/\/www.relanderinponitalli.fi\/index.php?rest_route=\/wp\/v2\/pages"}],"about":[{"href":"https:\/\/www.relanderinponitalli.fi\/index.php?rest_route=\/wp\/v2\/types\/page"}],"author":[{"embeddable":true,"href":"https:\/\/www.relanderinponitalli.fi\/index.php?rest_route=\/wp\/v2\/users\/1"}],"replies":[{"embeddable":true,"href":"https:\/\/www.relanderinponitalli.fi\/index.php?rest_route=%2Fwp%2Fv2%2Fcomments&post=2440"}],"version-history":[{"count":3,"href":"https:\/\/www.relanderinponitalli.fi\/index.php?rest_route=\/wp\/v2\/pages\/2440\/revisions"}],"predecessor-version":[{"id":2444,"href":"https:\/\/www.relanderinponitalli.fi\/index.php?rest_route=\/wp\/v2\/pages\/2440\/revisions\/2444"}],"up":[{"embeddable":true,"href":"https:\/\/www.relanderinponitalli.fi\/index.php?rest_route=\/wp\/v2\/pages\/188"}],"wp:attachment":[{"href":"https:\/\/www.relanderinponitalli.fi\/index.php?rest_route=%2Fwp%2Fv2%2Fmedia&parent=2440"}],"curies":[{"name":"wp","href":"https:\/\/api.w.org\/{rel}","templated":true}]}}