{"id":313,"date":"2016-12-17T22:53:49","date_gmt":"2016-12-17T20:53:49","guid":{"rendered":"http:\/\/www.relanderinponitalli.fi\/?page_id=313"},"modified":"2026-04-23T23:07:36","modified_gmt":"2026-04-23T20:07:36","slug":"313-2","status":"publish","type":"page","link":"https:\/\/www.relanderinponitalli.fi\/?page_id=313","title":{"rendered":"Repe"},"content":{"rendered":"\n<h3 class=\"wp-block-heading\"><figure><img loading=\"lazy\" decoding=\"async\" class=\"alignright size-medium wp-image-401\" src=\"http:\/\/www.relanderinponitalli.fi\/wp-content\/uploads\/repe2-300x200.jpg\" alt=\"\" width=\"300\" height=\"200\" srcset=\"https:\/\/www.relanderinponitalli.fi\/wp-content\/uploads\/repe2-300x200.jpg 300w, https:\/\/www.relanderinponitalli.fi\/wp-content\/uploads\/repe2-768x511.jpg 768w, https:\/\/www.relanderinponitalli.fi\/wp-content\/uploads\/repe2-272x182.jpg 272w, https:\/\/www.relanderinponitalli.fi\/wp-content\/uploads\/repe2.jpg 960w\" sizes=\"auto, (max-width: 300px) 100vw, 300px\" \/><\/figure>RP-Rebel Surprise<\/h3>\n\n\n\n<p>Lempinimi: Repe<br>Rotu: risteytysponi<br>Sukupuoli: ruuna<br>Syntym\u00e4vuosi: 2007<br>S\u00e4k\u00e4korkeus: 120 cm<br>Em\u00e4: Spod<br>Is\u00e4: Hollannin komein salarakastaja (is\u00e4st\u00e4 ei tietoa)<\/p>\n\n\n\n<p><br>T\u00e4ss\u00e4 ponissa on sit\u00e4 jotain! Legenda jo el\u00e4ess\u00e4\u00e4? Repen em\u00e4 ostettiin meille opetusponiksi syksyll\u00e4 2006. <span class=\"text_exposed_show\">Siihen aikaan olin (kirsi) itse aika v\u00e4h\u00e4n tallilla viett\u00e4ess\u00e4ni hoitovapaata. Kev\u00e4\u00e4ll\u00e4 meille tuli er\u00e4s kausiy\u00f6ntekij\u00e4, joka vappuaattona kysyi minulta, olenko miettinyt, ett\u00e4 Spod (Repen em\u00e4) voisi olla kantava? Katsoin tamman ja totesin, ett\u00e4 n\u00e4in saattaisi hyvinkin olla. Poni siirettiin isompaa karsinaan ja kas vappup\u00e4iv\u00e4n\u00e4 oli virke\u00e4 oripoika Repe syntynyt! Silloin suunnastaan \u00e4rsytti, koska yksi hyv\u00e4 opetusponi joutuikin kes\u00e4ksi \u00e4itysloman viettoon eik\u00e4 olisi leireill\u00e4 t\u00f6iss\u00e4. Mutta moneen vuoteen ei ole harmittanut lainkaan! Repeh\u00e4n on loistavan energinen poni, joka toimii niin esteill\u00e4 kuin kouluratsastustunneillakin \u00e4\u00e4rett\u00f6m\u00e4n hyvin! Repe rakastaa kilpailuja ja etenkin kun se n\u00e4kee hevosauton, se haluaa suorastaan juosta kyytiin ja p\u00e4\u00e4st\u00e4 kisaradoille n\u00e4ytt\u00e4m\u00e4\u00e4n kykyns\u00e4. Repe on my\u00f6s loistava ajoponi! Niin ja is\u00e4h\u00e4n on Hollannin komein salarakastaja eli t\u00e4n\u00e4 p\u00e4iv\u00e4n\u00e4k\u00e4\u00e4n ei ole is\u00e4st\u00e4 mit\u00e4\u00e4n tietoa!<span class=\"_5mfr _47e3\"><\/span><\/span><\/p>\n\n\n<div class=\"wp-block-image\">\n<figure class=\"alignleft\"><img loading=\"lazy\" decoding=\"async\" width=\"300\" height=\"300\" src=\"http:\/\/www.relanderinponitalli.fi\/wp-content\/uploads\/repe6-300x300.jpg\" alt=\"\" class=\"wp-image-405\" srcset=\"https:\/\/www.relanderinponitalli.fi\/wp-content\/uploads\/repe6-300x300.jpg 300w, https:\/\/www.relanderinponitalli.fi\/wp-content\/uploads\/repe6-150x150.jpg 150w, https:\/\/www.relanderinponitalli.fi\/wp-content\/uploads\/repe6-768x768.jpg 768w, https:\/\/www.relanderinponitalli.fi\/wp-content\/uploads\/repe6.jpg 960w\" sizes=\"auto, (max-width: 300px) 100vw, 300px\" \/><\/figure>\n<\/div>\n\n\n<p><\/p>\n\n\n\n<p><\/p>\n\n\n\n<figure class=\"wp-block-image size-large is-resized\"><img loading=\"lazy\" decoding=\"async\" width=\"752\" height=\"1024\" src=\"http:\/\/www.relanderinponitalli.fi\/wp-content\/uploads\/785-2-752x1024.jpg\" alt=\"\" class=\"wp-image-2966\" style=\"width:366px;height:auto\" srcset=\"https:\/\/www.relanderinponitalli.fi\/wp-content\/uploads\/785-2-752x1024.jpg 752w, https:\/\/www.relanderinponitalli.fi\/wp-content\/uploads\/785-2-220x300.jpg 220w, https:\/\/www.relanderinponitalli.fi\/wp-content\/uploads\/785-2-768x1045.jpg 768w, https:\/\/www.relanderinponitalli.fi\/wp-content\/uploads\/785-2.jpg 800w\" sizes=\"auto, (max-width: 752px) 100vw, 752px\" \/><\/figure>\n\n\n\n<figure class=\"wp-block-image size-large is-resized\"><img loading=\"lazy\" decoding=\"async\" width=\"780\" height=\"1024\" src=\"http:\/\/www.relanderinponitalli.fi\/wp-content\/uploads\/7867-780x1024.jpg\" alt=\"\" class=\"wp-image-2971\" style=\"width:316px;height:auto\" srcset=\"https:\/\/www.relanderinponitalli.fi\/wp-content\/uploads\/7867-780x1024.jpg 780w, https:\/\/www.relanderinponitalli.fi\/wp-content\/uploads\/7867-229x300.jpg 229w, https:\/\/www.relanderinponitalli.fi\/wp-content\/uploads\/7867-768x1008.jpg 768w, https:\/\/www.relanderinponitalli.fi\/wp-content\/uploads\/7867.jpg 800w\" sizes=\"auto, (max-width: 780px) 100vw, 780px\" \/><\/figure>\n","protected":false},"excerpt":{"rendered":"<p>RP-Rebel Surprise Lempinimi: RepeRotu: risteytysponiSukupuoli: ruunaSyntym\u00e4vuosi: 2007S\u00e4k\u00e4korkeus: 120 cmEm\u00e4: SpodIs\u00e4: Hollannin komein salarakastaja (is\u00e4st\u00e4 ei tietoa) T\u00e4ss\u00e4 ponissa on sit\u00e4 jotain! Legenda jo el\u00e4ess\u00e4\u00e4? Repen em\u00e4 ostettiin meille opetusponiksi syksyll\u00e4 2006. Siihen aikaan olin (kirsi) itse aika v\u00e4h\u00e4n tallilla viett\u00e4ess\u00e4ni hoitovapaata. Kev\u00e4\u00e4ll\u00e4 meille tuli er\u00e4s kausiy\u00f6ntekij\u00e4, joka vappuaattona kysyi minulta, olenko miettinyt, ett\u00e4 Spod (Repen <a class=\"read-more\" href=\"https:\/\/www.relanderinponitalli.fi\/?page_id=313\">Lue lis\u00e4\u00e4<\/a><\/p>\n","protected":false},"author":1,"featured_media":0,"parent":299,"menu_order":6,"comment_status":"closed","ping_status":"closed","template":"","meta":{"footnotes":""},"class_list":["post-313","page","type-page","status-publish","hentry"],"_links":{"self":[{"href":"https:\/\/www.relanderinponitalli.fi\/index.php?rest_route=\/wp\/v2\/pages\/313","targetHints":{"allow":["GET"]}}],"collection":[{"href":"https:\/\/www.relanderinponitalli.fi\/index.php?rest_route=\/wp\/v2\/pages"}],"about":[{"href":"https:\/\/www.relanderinponitalli.fi\/index.php?rest_route=\/wp\/v2\/types\/page"}],"author":[{"embeddable":true,"href":"https:\/\/www.relanderinponitalli.fi\/index.php?rest_route=\/wp\/v2\/users\/1"}],"replies":[{"embeddable":true,"href":"https:\/\/www.relanderinponitalli.fi\/index.php?rest_route=%2Fwp%2Fv2%2Fcomments&post=313"}],"version-history":[{"count":9,"href":"https:\/\/www.relanderinponitalli.fi\/index.php?rest_route=\/wp\/v2\/pages\/313\/revisions"}],"predecessor-version":[{"id":3108,"href":"https:\/\/www.relanderinponitalli.fi\/index.php?rest_route=\/wp\/v2\/pages\/313\/revisions\/3108"}],"up":[{"embeddable":true,"href":"https:\/\/www.relanderinponitalli.fi\/index.php?rest_route=\/wp\/v2\/pages\/299"}],"wp:attachment":[{"href":"https:\/\/www.relanderinponitalli.fi\/index.php?rest_route=%2Fwp%2Fv2%2Fmedia&parent=313"}],"curies":[{"name":"wp","href":"https:\/\/api.w.org\/{rel}","templated":true}]}}