{"id":547,"date":"2017-04-23T17:09:27","date_gmt":"2017-04-23T14:09:27","guid":{"rendered":"http:\/\/www.relanderinponitalli.fi\/?page_id=547"},"modified":"2026-04-23T22:00:34","modified_gmt":"2026-04-23T19:00:34","slug":"diina","status":"publish","type":"page","link":"https:\/\/www.relanderinponitalli.fi\/?page_id=547","title":{"rendered":"Taavi"},"content":{"rendered":"<header class=\"entry-header\">\n<h1 class=\"entry-title\">Lakeuden Taikasana<\/h1>\n<\/header>\n<article id=\"post-325\" class=\"post-325 page type-page status-publish hentry\">\n<div class=\"entry-content\">\n<p><img loading=\"lazy\" decoding=\"async\" class=\"alignright wp-image-2593\" src=\"http:\/\/www.relanderinponitalli.fi\/wp-content\/uploads\/TAAVI-180x300.jpg\" alt=\"\" width=\"200\" height=\"333\" srcset=\"https:\/\/www.relanderinponitalli.fi\/wp-content\/uploads\/TAAVI-180x300.jpg 180w, https:\/\/www.relanderinponitalli.fi\/wp-content\/uploads\/TAAVI.jpg 558w\" sizes=\"auto, (max-width: 200px) 100vw, 200px\" \/>Lempinimi: Taavi<br \/>\nRotu: suomenhevonen<br \/>\nSukupuoli: ruuna<br \/>\nSyntym\u00e4vuosi: 2017<br \/>\nS\u00e4k\u00e4korkeus: 168 cm<br \/>\nis\u00e4: Taikavelho<br \/>\nem\u00e4: E. V. Hohto<br \/>\nKoulu: he B-A<br \/>\nEsteet: 70-80 cm<img loading=\"lazy\" decoding=\"async\" class=\"alignnone size-full wp-image-2953\" src=\"http:\/\/www.relanderinponitalli.fi\/wp-content\/uploads\/9.jpg\" alt=\"\" width=\"800\" height=\"556\" srcset=\"https:\/\/www.relanderinponitalli.fi\/wp-content\/uploads\/9.jpg 800w, https:\/\/www.relanderinponitalli.fi\/wp-content\/uploads\/9-300x209.jpg 300w, https:\/\/www.relanderinponitalli.fi\/wp-content\/uploads\/9-768x534.jpg 768w\" sizes=\"auto, (max-width: 800px) 100vw, 800px\" \/><img loading=\"lazy\" decoding=\"async\" class=\"alignnone size-full wp-image-2942\" src=\"http:\/\/www.relanderinponitalli.fi\/wp-content\/uploads\/3-3.jpg\" alt=\"\" width=\"800\" height=\"533\" srcset=\"https:\/\/www.relanderinponitalli.fi\/wp-content\/uploads\/3-3.jpg 800w, https:\/\/www.relanderinponitalli.fi\/wp-content\/uploads\/3-3-300x200.jpg 300w, https:\/\/www.relanderinponitalli.fi\/wp-content\/uploads\/3-3-768x512.jpg 768w, https:\/\/www.relanderinponitalli.fi\/wp-content\/uploads\/3-3-272x182.jpg 272w\" sizes=\"auto, (max-width: 800px) 100vw, 800px\" \/><\/p>\n<\/div>\n<\/article>\n<article id=\"post-325\" class=\"post-325 page type-page status-publish hentry\">\n<div class=\"mceTemp\"><\/div>\n<\/article>\n","protected":false},"excerpt":{"rendered":"<p>Lakeuden Taikasana Lempinimi: Taavi Rotu: suomenhevonen Sukupuoli: ruuna Syntym\u00e4vuosi: 2017 S\u00e4k\u00e4korkeus: 168 cm is\u00e4: Taikavelho em\u00e4: E. V. Hohto Koulu: he B-A Esteet: 70-80 cm<\/p>\n","protected":false},"author":1,"featured_media":0,"parent":299,"menu_order":19,"comment_status":"closed","ping_status":"closed","template":"","meta":{"footnotes":""},"class_list":["post-547","page","type-page","status-publish","hentry"],"_links":{"self":[{"href":"https:\/\/www.relanderinponitalli.fi\/index.php?rest_route=\/wp\/v2\/pages\/547","targetHints":{"allow":["GET"]}}],"collection":[{"href":"https:\/\/www.relanderinponitalli.fi\/index.php?rest_route=\/wp\/v2\/pages"}],"about":[{"href":"https:\/\/www.relanderinponitalli.fi\/index.php?rest_route=\/wp\/v2\/types\/page"}],"author":[{"embeddable":true,"href":"https:\/\/www.relanderinponitalli.fi\/index.php?rest_route=\/wp\/v2\/users\/1"}],"replies":[{"embeddable":true,"href":"https:\/\/www.relanderinponitalli.fi\/index.php?rest_route=%2Fwp%2Fv2%2Fcomments&post=547"}],"version-history":[{"count":15,"href":"https:\/\/www.relanderinponitalli.fi\/index.php?rest_route=\/wp\/v2\/pages\/547\/revisions"}],"predecessor-version":[{"id":3070,"href":"https:\/\/www.relanderinponitalli.fi\/index.php?rest_route=\/wp\/v2\/pages\/547\/revisions\/3070"}],"up":[{"embeddable":true,"href":"https:\/\/www.relanderinponitalli.fi\/index.php?rest_route=\/wp\/v2\/pages\/299"}],"wp:attachment":[{"href":"https:\/\/www.relanderinponitalli.fi\/index.php?rest_route=%2Fwp%2Fv2%2Fmedia&parent=547"}],"curies":[{"name":"wp","href":"https:\/\/api.w.org\/{rel}","templated":true}]}}